en 53 is divided by z?
17
Let b(c) be the first derivative of c**2/2 + 3*c - 4. Calculate the remainder when 25 is divided by b(6).
7
What is the remainder when ((-428)/(-6))/((-22)/(-33)) is divided by 27?
26
Let v(b) = -5*b - 1. What is the remainder when v(-10) is divided by 26?
23
Let p(v) = -8*v - 6 + 4*v + 0. Calculate the remainder when 53 is divided by p(-5).
11
Let g(p) = -p**2 - 8*p + 3. Suppose z - 30 = 6*z. Let l be g(z). Suppose 5*q - d = -66 + 346, -3*d = -l. Calculate the remainder when q is divided by 15.
12
Suppose 3*n = 2*y - 0*n - 32, -5*y - 2*n = -99. What is the remainder when 74 is divided by y?
17
Let w(g) = g**3 + g + 28. Calculate the remainder when 53 is divided by w(0).
25
Let h(n) = 2*n**2 + 2. Let b be h(-2). Suppose -f + b = u, -3 + 2 = u. What is the remainder when 42 is divided by f?
9
Let w(m) = -m**3 - 2*m**2 + 2*m + 2. Let n be w(-3). Calculate the remainder when n/(-30) + (-79)/(-6) is divided by 7.
6
Let d be ((-10)/15)/(4/156). Let m = d - -35. What is the remainder when m is divided by 3?
0
Let k = 11 - 7. Calculate the remainder when 22 is divided by k.
2
Let i(m) = 12 - 2 + 10*m - 9. Calculate the remainder when 32 is divided by i(1).
10
Suppose -5*p = -56 + 16. Let z = -14 - -44. Calculate the remainder when z is divided by p.
6
Let s = 542 - 387. What is the remainder when s is divided by 39?
38
Let b(q) = 5*q**2 + 1. What is the remainder when b(-3) is divided by 12?
10
Let u be 4/2 + 4 + -1. Suppose -u*k + 2*d = -16, 3*k - 4*d - 4 = -0. Let r = 8 - k. Calculate the remainder when r is divided by 3.
1
Suppose 2*r - 92 = -0*r. Let u = 57 - 41. Calculate the remainder when r is divided by u.
14
Suppose -3*o - 9*z = -6*z + 6, 2*z + 22 = 4*o. Suppose 0 = -5*s - 15 - 15. Let a = s - -14. What is the remainder when a is divided by o?
2
Let u(p) = 23*p**3 - 6*p**2 + 3*p - 4. Let t(g) = 47*g**3 - 13*g**2 + 7*g - 9. Let j(o) = 4*t(o) - 9*u(o). Calculate the remainder when j(-1) is divided by 11.
9
What is the remainder when -4 + (42 - 1) + -2 is divided by 19?
16
Let w be 375/60 - 2/8. What is the remainder when 4 is divided by 21/9 + 4/w?
1
Suppose -5*l + 12 = -2*l. Let h be l/(-2)*(3 - 7). Suppose h = 2*t - 6. What is the remainder when 13 is divided by t?
6
Let i = 42 - 1. What is the remainder when i is divided by 11?
8
Let q = -30 + 78. Let d = -17 + 12. Let p = d + 30. Calculate the remainder when q is divided by p.
23
What is the remainder when 37 is divided by -1*((-1)/(1/15) + 2)?
11
Let q = -44 + 63. Let i(l) = 13*l**2 - 4*l - 4. What is the remainder when i(-2) is divided by q?
18
Suppose 0 = -2*a - 5 - 41. Let r = a + 39. Suppose 0 = -f + 4*h - h + 16, 2*f - r = 2*h. Calculate the remainder when 6 is divided by f.
2
Let k be 1/3 - 55/(-15). Let i = k + -1. Let y(m) = 2*m**2 + m - 2. Calculate the remainder when 37 is divided by y(i).
18
Let c = 144 - 113. What is the remainder when 245 is divided by c?
28
Let m(i) = 13*i**3 - i**2 + 2*i - 1. Calculate the remainder when 35 is divided by m(1).
9
Let i(o) = -o + 1. Let a(f) = 5*f - 25. Suppose 0 = 3*z - 2 + 5. Let m(n) = z*a(n) - 4*i(n). Calculate the remainder when m(0) is divided by 11.
10
Let z be 198/(-4)*52/(-39). Suppose -8*y + z = -2*y. What is the remainder when 29 is divided by y?
7
Let b(m) = m**2 - 4*m - 3. Let d be b(-2). Let f = 15 - d. Let g(h) = -h**2 + 7*h - 2. Calculate the remainder when 7 is divided by g(f).
3
Let t(g) = 3*g - 2. Let m(v) = 2*v - 2. Let z be m(2). Let d be t(z). What is the remainder when 23 is divided by (4/d)/(2/24)?
11
Let f = 14 - -1. Suppose -n - 89 = -3*n + c, 34 = n + 3*c. What is the remainder when n is divided by f?
13
What is the remainder when (30/(-4) - -2)*-2 is divided by (-48)/8*4/(-6)?
3
Let k = 248 - 185. What is the remainder when k is divided by 8?
7
Let u = -38 + 53. What is the remainder when u is divided by 6?
3
Let a = -54 + 97. Suppose 3*x - 118 = -a. What is the remainder when 98 is divided by x?
23
Let t = 0 - -3. Let h(n) = 7*n**2 - 18*n - 5. What is the remainder when h(3) is divided by t?
1
Let a = -3384 + 1694. Calculate the remainder when (-3)/5 + a/(-25) is divided by 14.
11
Let q(g) = -g**3 + 8*g**2 - 3*g - 10. What is the remainder when q(6) is divided by 16?
12
Let c(b) = -b**3 - 8*b**2 - 8*b + 3. Calculate the remainder when c(-7) is divided by 3.
1
Let k = 86 + -45. What is the remainder when k is divided by -8*18/45*(-35)/8?
13
Let d = 3 + 13. Suppose -20 - d = -3*m. Calculate the remainder when 21 is divided by m.
9
Let a(p) = -p**3 + 5*p**2 + 3*p - 8. What is the remainder when a(5) is divided by 4?
3
Calculate the remainder when 26 is divided by -1 - 2*(-45)/6.
12
Suppose m = -4*m - 10. Let o(g) be the first derivative of g**3/3 - g**2 - 2*g - 1. Calculate the remainder when 16 is divided by o(m).
4
Suppose 0*u = 3*u. Let b = 2 + u. Suppose -5*n - 30 = -4*x - 9, -x + b*n = -6. What is the remainder when 6 is divided by x?
2
Suppose 2*f = 3*f - 8. Calculate the remainder when 38 is divided by f.
6
Let p(u) = -u. Let o be p(-4). Suppose 21 + 138 = 3*z. What is the remainder when z is divided by (6 - 2)/(o/14)?
11
Suppose 4*b = t + 12, 1 = -4*b - 3*t - 3. Suppose -2*l = b*l - 16. Let i(q) = -q**2 + 5*q + 1. What is the remainder when i(3) is divided by l?
3
Let h = 86 + -43. What is the remainder when h is divided by 9?
7
Let g = 29 + -19. Calculate the remainder when g is divided by 6.
4
Let s(j) be the second derivative of j**4/12 + 2*j**3/3 - j**2 - 3*j. What is the remainder when 8 is divided by s(-5)?
2
Let p(a) = -a**2 + 17*a - 10. Calculate the remainder when 22 is divided by p(16).
4
What is the remainder when (-5)/20 + 37/4 is divided by 4?
1
Suppose -2*v = 3*v - 70. Calculate the remainder when 41 is divided by v.
13
What is the remainder when 9 is divided by 8/(-7)*7/(-2)?
1
Let q(n) be the first derivative of n**4/4 - 4*n**3/3 - 5*n**2/2 + 3*n - 2. What is the remainder when (-1)/3 - (-133)/21 is divided by q(5)?
0
Let s be 195/20 + (-2)/(-8). Suppose -4*j - j = -s. Suppose 4*g = -g + 10. What is the remainder when g is divided by j?
0
Let q(g) = g**2 - 185. Let p be q(0). Let x = -131 - p. Calculate the remainder when x is divided by 19.
16
Let s be (-4)/(-3) + (-1)/3. Suppose 2*b + 5*w = -10, 1 = 2*b + 2*w - s. Let d(o) = -o**3 - 5*o**2 - o - 3. What is the remainder when b is divided by d(-5)?
1
Let m = -10 + 28. What is the remainder when 34 is divided by m?
16
Suppose 5*t - 3*n = -2*n + 265, -4*n = t - 32. Calculate the remainder when (t - 5) + 2*-2 is divided by 23.
20
Suppose -2*u = 3*u - 70. Let w = u + 2. What is the remainder when 61 is divided by w?
13
Suppose 0 = 5*x + 3*m - 435, m - 43 = -2*x + 131. What is the remainder when x is divided by 30?
27
Let l be (2 + 71)*(0 - -1). Suppose 0*r = r - 3. Suppose r*v - 65 = -5*c + 4*v, -l = -4*c + 5*v. Calculate the remainder when 34 is divided by c.
10
Calculate the remainder when 13 + (1 + -2 - -2) is divided by (4 - (-8 - -4))*1.
6
Suppose 9*a - 25 = 8*a. Let s = 133 + -36. What is the remainder when s is divided by a?
22
Let d(u) = 4*u - 22. Calculate the remainder when d(8) is divided by 3.
1
Let k = -14 + 26. Let y = -1 + k. What is the remainder when 21 is divided by y?
10
Suppose -14*m + 198 = -8*m. Calculate the remainder when 97 is divided by m.
31
Calculate the remainder when 68 is divided by (-1)/(-1) - (-19 - -2).
14
Calculate the remainder when 1/((-4)/8) + 8 is divided by 4.
2
Suppose 0*t - 15 = -5*t. Suppose -y = 2*x - 11, 17 = 3*x - y + t*y. Suppose r + 8 = -3*r, 0 = 3*h - 3*r - 15. Calculate the remainder when x is divided by h.
2
Let t = -43 + 117. Calculate the remainder when t is divided by 25.
24
Let n be -14 + -2*1/(-2). Suppose -13*b + 2 = -11*b. Calculate the remainder when n*b/(-2)*2 is divided by 7.
6
Let m(f) = -4*f - 8. Calculate the remainder when m(-22) is divided by 21.
17
Suppose 0 = -2*r - 2*h + 84, 4*r + 2*h - 78 - 88 = 0. Calculate the remainder when r is divided by 14.
13
Let a(z) = -1 + 2 + 1 - 6 + 9*z. Let c(y) = -2*y**3 - 4*y**2 - 1. Calculate the remainder when a(6) is divided by c(-3).
16
Suppose 2*j - 60 - 50 = 0. Let u = j + -15. Let r = 7 + 7. Calculate the remainder when u is divided by r.
12
What is the remainder when 51 is divided by 670/25 - 16/20?
25
Suppos